) = n + 6. Let v be x(-3). Let z be (-996)/(-4) + (-2)/(2/v). Suppose z = 5*p + 31. List the prime factors of p.
43
Let r(q) = q**2 + 12*q + 25. Let l be r(-10). Suppose 3*z - l*z + 1328 = 0. What are the prime factors of z?
2, 83
Let c = -9802 - -11435. What are the prime factors of c?
23, 71
Let g(x) be the second derivative of -5*x**3/3 - 10*x**2 + 12*x. Suppose 8*d + 24 = 5*d. List the prime factors of g(d).
2, 3, 5
Let j(a) = -404*a + 2582. List the prime factors of j(-15).
2, 29, 149
Let x(h) = -95*h + 31. Let l(s) = -63*s + 20. Let b(d) = 7*l(d) - 5*x(d). What are the prime factors of b(10)?
5, 13
Let l = 61519 - 40712. List the prime factors of l.
20807
Suppose -10830 = -3*s - 4*w + 6168, 5*s - 28338 = -4*w. Suppose -34*v + s = v. List the prime factors of v.
2, 3
What are the prime factors of ((-506)/(-6) + -6)*(0 - -159)?
5, 47, 53
Let f = 2288 + -735. Suppose 2*q + f = 3*v, v + 8*q - 7*q - 521 = 0. List the prime factors of v.
3, 173
Let t be (-266)/(-304) - (-1)/8. Let j(d) = 581*d**2 - 4*d + 1. What are the prime factors of j(t)?
2, 17
Let g be -4 + 9/(-15) + 6/10. Let n = 7 + g. Suppose -n*q - 11 + 80 = 0. What are the prime factors of q?
23
Let x(n) = n**2 + 26*n + 696. What are the prime factors of x(33)?
3, 881
What are the prime factors of 585*58 + -14 + 11 + 1?
2, 4241
What are the prime factors of (-6423)/(-2)*(-4914)/(-1053)?
7, 2141
Let s(q) = -73*q - 14. Let x be s(-3). Suppose 5*z - 4*t - 768 = 0, 2*t - 55 + x = z. What are the prime factors of z?
2, 3, 13
Let y(r) = -109*r**3 + r**2 + 6*r + 5. Let q be y(-1). Let l = q + -46. List the prime factors of l.
3, 7
Let v be (-1)/(-5) + (3 - 208192/(-40)). Suppose s = -4*w + 6967, s - 6*s = -3*w + v. List the prime factors of w.
1741
Let q = -2068 + 13020. What are the prime factors of q?
2, 37
Let u(x) = x**2 - 13*x + 30. Let n be (2 - (-1 + (-8)/2))*1. Suppose -2*s = t - 11 - n, t = s + 12. List the prime factors of u(t).
2, 11
Let j(f) = -4597*f**3 - 3*f**2 - 6*f. What are the prime factors of j(-1)?
2, 5, 23
Suppose -7*l - 39 + 60 = 0. Suppose -l*m = 4*s - 2330, 5*s - 18 = 7. List the prime factors of m.
2, 5, 7, 11
Let s be (-5)/2*38/(-95). Suppose -s = 2*b - 1. List the prime factors of ((-4)/(-10) - b) + (-1432)/(-20).
2, 3
Suppose -9*w = -11*w - 33*w + 6965. Let b(c) = c**3 - 8*c**2 + 5*c + 3. Let m be b(5). Let l = w - m. What are the prime factors of l?
2, 3, 41
Let v = 4521 - -2193. List the prime factors of v.
2, 3, 373
Suppose -3 = 51*c - 54*c. Let g(r) = 5*r**3 - r**2 + r - 1. Let j be g(c). Suppose -4*q + 2*w + j = 0, -q - 4 = -4*w + 9. What are the prime factors of q?
3
List the prime factors of ((-2173110)/(-55))/2 - 288/528.
3, 5, 439
Let k be 1 - 1 - 10/(-2). Let b = -5769 + 5769. Suppose h - k*h + f + 575 = 0, -2*h + f + 289 = b. List the prime factors of h.
11, 13
Suppose 7*t = -4*t + 924. Suppose 0*w = w + t. List the prime factors of ((-6)/(-16)*22)/(w/(-224)).
2, 11
List the prime factors of 5*((-7121)/(-5) + -7).
2, 3, 1181
Let p(g) = 28*g**2 - 15*g - 15. Let k be p(-3). Suppose 5*j = k + 113. What are the prime factors of j?
79
List the prime factors of ((-9134)/7 + 4)*(-63)/9.
2, 29, 157
Suppose 36*r - 36 = 27*r. Suppose 3*u - 1022 = -r*u. List the prime factors of u.
2, 73
Suppose 4*u - 4*s + 10 = -18, -4*u - 24 = -5*s. Let k = u + 25. Let v = 52 - k. List the prime factors of v.
2, 19
Let c = -471 + 1843. Suppose 0 = -22*u + 15*u + c. List the prime factors of u.
2, 7
Suppose 4*y - 16 = 5*p + 6, 2*p + 19 = 5*y. Suppose 0*k = w + k, -k = -4*w + 15. What are the prime factors of 0 + w + 258/y*1?
89
What are the prime factors of -281*267/(12/(-4))?
89, 281
Let t = 7 - 7. Suppose t*p = 3*p + 129. Let o = -33 - p. What are the prime factors of o?
2, 5
Suppose -2*v + 1308 = i, i - 6*i = -5*v + 3255. Suppose -824 = -657*m + v*m. List the prime factors of m.
2, 103
Let f = 332 + -336. Let r(o) = -10*o**3 + 2*o**2 + 21*o - 1. What are the prime factors of r(f)?
587
Let n be (220/(-30) - -8)*(-39 + 0). Let v(s) = -s**2 - 31*s - 4. What are the prime factors of v(n)?
2, 3, 7
Let l(d) = -254*d**2 + 18*d - 2. Let x be l(-2). Let h = -708 - x. List the prime factors of h.
2, 173
Suppose 7520968 = 114*g - 10*g. List the prime factors of g.
7, 10331
Let f(n) = -331*n - 1495. What are the prime factors of f(-32)?
11, 827
Let x(a) = 5 + 7*a**2 - 830*a - 2 + 817*a. Let c(i) = i**2 + 12*i + 28. Let u be c(-4). What are the prime factors of x(u)?
167
Suppose -4845 - 5000 = -r - 3*a, 3*r - 4*a = 29496. What are the prime factors of r?
2, 2459
Let l(a) = -a**2 - 8*a - 4. Let u = 0 + 9. Suppose 5*z + 44 - u = 0. What are the prime factors of l(z)?
3
Let d be (-21)/(-6)*(-72)/(-42). What are the prime factors of -4 + (2/(-6) - (-1580)/d)?
7, 37
Suppose -12 = -2*u - 2*g, u + 18*g = 16*g + 10. Let l be (-1)/3 - 26/(-6). Suppose l*r - 2 = 2, 4*r = -u*y + 272. What are the prime factors of y?
2, 67
Suppose y = 5*y - 28. Let z(c) = 3*c**2 - 12*c + 7. Let p be z(y). Suppose 2*v - 5*v + 75 = -3*b, 3*b = -2*v + p. What are the prime factors of v?
29
Let v be 6/(-63)*3 + (-2)/(-7). Suppose v = 561*r - 554*r - 3507. List the prime factors of r.
3, 167
Let z be (-2)/(-14) + (-9842)/(-49). Suppose h - z = -5*s + 460, -2*h - 8 = 0. What are the prime factors of s?
7, 19
Let k(g) = 59*g**2 - 146*g - 788. List the prime factors of k(-17).
5, 23, 163
Suppose 12 = 3*d, a + 3*d - 1 = 16. Suppose 0 = 5*n - 2*n + 15, -3*c + 35 = a*n. What are the prime factors of c?
2, 5
Let n(g) = -42*g + 6. Let j be n(-6). Suppose 6*q = -208 + 220. Suppose -q*f + s + j = 2*s, 4*f - 2*s - 532 = 0. List the prime factors of f.
131
Suppose 6*s + 201 = 21. List the prime factors of (-1)/(s/29 - -1).
29
What are the prime factors of (11 + 24476/(-6))*-6?
2, 5, 2441
Let o(w) = 2*w - 17. Let v be o(9). Let p(n) = 24*n - 6. Let y(t) = -23*t + 5. Let f(l) = -6*p(l) - 7*y(l). List the prime factors of f(v).
2, 3
Let m(y) = -18*y**3 + 2*y + 5. Let x(g) = 35*g**3 - 4*g - 9. Let w(f) = -5*m(f) - 3*x(f). What are the prime factors of w(-1)?
3, 5
Suppose 0 = w - 3*v - 27989, -5*w + 7*v + 139956 = 3*v. What are the prime factors of w?
2, 3499
Let c = -33406 + 56941. List the prime factors of c.
3, 5, 523
Suppose 2*a + 129 - 34 = n, 2*n + 2*a = 190. Suppose 0 = 6*u - 85 - n. Suppose 28*v = u*v - 36. List the prime factors of v.
2, 3
Suppose 7*v - 2*v = 4*q + 22, 34 = 5*v + 2*q. Suppose 4*n - 1087 - 1549 = 4*x, 0 = 3*x - v. What are the prime factors of n?
661
Suppose -187 = -6*r + 65. Let w = 46 - r. What are the prime factors of 2068/20 + w/(-10)?
103
Let q = 35 - 30. Suppose 0 = -5*d + 15, -21 = -q*p - d - d. Suppose -5*w + 203 = -3*o - 467, -p*w + 373 = 4*o. What are the prime factors of w?
131
Suppose 0 = -4546*p + 4516*p + 22770. List the prime factors of p.
3, 11, 23
Suppose 2*y - 2*w + 1411 - 17971 = 0, -5*y - w = -41442. What are the prime factors of y?
8287
What are the prime factors of 1016912/(-5 - -21) + -2?
3, 5, 19, 223
Suppose -7 - 5 = -3*a. Suppose j = -4*g + 14 - 2, 0 = 5*j - 20. List the prime factors of -1*g*(a - -164)/(-4).
2, 3, 7
Let g = -29679 - -51957. List the prime factors of g.
2, 3, 47, 79
Let q(v) = 40158*v - 1374. What are the prime factors of q(1)?
2, 3, 101
Let h(j) be the third derivative of -j**6/120 - 4*j**5/15 - 19*j**4/24 - 11*j**3/3 + j**2. Let q(y) = -51*y + 87. Let b be q(2). List the prime factors of h(b).
2, 19
Suppose 4*o + 7 = -5*d + 2*d, -d - 15 = -5*o. Suppose -2*r + 254 = 5*t + 230, -6 = 5*r - 4*t. Suppose 5 = 3*i + 2, 152 = o*f - r*i. List the prime factors of f.
7, 11
Let b be 116/(-10) - 14/35. List the prime factors of (b/10)/(-3) - (-3986)/10.
3, 7, 19
Let f be -1*(86/(-7) - 2/(-7)). Let m = f + 29. Suppose -60 = -k + m. List the prime factors of k.
101
Let v(x) = 406*x - 28. Let t be v(4). Suppose -g + 4*h = -507, 3*g - 8*h = -11*h + t. What are the prime factors of g?
17, 31
Let k = -165 + -20. Let l = 199 + k. What are the prime factors of l?
2, 7
Suppose -1365 = 3*z + 186. Let h = -194 - z. List the prime factors of h.
17, 19
Let q be (-2)/(-8)*-2*4. Let f = 190 + -190. List the prime factors of q - (0 + f) - (-15 - 55).
2, 17
Suppose 3*f + o - 1349 = 5522, -5*f - 4*o = -11447. Suppose 0*i = -4*i + 2*s + 3056, 3*i - s = f. List the prime factors of i.
7, 109
Supp